{"id":1891,"date":"2021-05-03T15:09:57","date_gmt":"2021-05-03T15:09:57","guid":{"rendered":"https:\/\/lifealignment.academy\/ita\/?post_type=product&#038;p=1891"},"modified":"2021-05-27T18:21:49","modified_gmt":"2021-05-27T18:21:49","slug":"priorities-procedures-6-months-access","status":"publish","type":"product","link":"https:\/\/lifealignment.academy\/ita\/product\/priorities-procedures-6-months-access","title":{"rendered":"Priorit\u00e0 con procedura specifica e miscellanea \u2013 accesso 6 mesi"},"content":{"rendered":"<div class=\"elementor-widget-wrap\">\n<div class=\"elementor-element elementor-element-9f13140 elementor-widget elementor-widget-theme-post-content\" data-id=\"9f13140\" data-element_type=\"widget\" data-widget_type=\"theme-post-content.default\">\n<div class=\"elementor-widget-container\">\n<p>Questo corso \u00e8 dedicato alle <strong>Priorit\u00e0 con Procedura Specifica e alle Priorit\u00e0 Miscellanea <\/strong>insegnate nel<strong> Modulo 1<\/strong> (o livello 1 della Life Alignment Academy).<\/p>\n<p>Se hai gi\u00e0 frequentato questo corso, questi video ti aiuteranno a rivedere e approfondire la tua conoscenza delle seguenti Priorit\u00e0:<strong>Circuiti Corporei, Ernia Iatale, Valvola di Houston \/ Valvola eleo-cecale, Energia Estranea e Dolore<\/strong>.<\/p>\n<\/div>\n<\/div>\n<\/div>\n","protected":false},"excerpt":{"rendered":"<p>Questo corso \u00e8 dedicato alle Priorit\u00e0 con Procedura Specifica e alle Priorit\u00e0 Miscellanea insegnate nel Modulo 1 (o livello 1 della Life Alignment Academy). Se hai gi\u00e0 frequentato questo corso, questi video ti aiuteranno a rivedere e approfondire la tua conoscenza delle seguenti Priorit\u00e0:Circuiti Corporei, Ernia Iatale, Valvola di Houston \/ Valvola eleo-cecale, Energia Estranea [&hellip;]<\/p>\n","protected":false},"featured_media":0,"template":"","meta":[],"product_cat":[16],"product_tag":[],"_links":{"self":[{"href":"https:\/\/lifealignment.academy\/ita\/wp-json\/wp\/v2\/product\/1891"}],"collection":[{"href":"https:\/\/lifealignment.academy\/ita\/wp-json\/wp\/v2\/product"}],"about":[{"href":"https:\/\/lifealignment.academy\/ita\/wp-json\/wp\/v2\/types\/product"}],"wp:attachment":[{"href":"https:\/\/lifealignment.academy\/ita\/wp-json\/wp\/v2\/media?parent=1891"}],"wp:term":[{"taxonomy":"product_cat","embeddable":true,"href":"https:\/\/lifealignment.academy\/ita\/wp-json\/wp\/v2\/product_cat?post=1891"},{"taxonomy":"product_tag","embeddable":true,"href":"https:\/\/lifealignment.academy\/ita\/wp-json\/wp\/v2\/product_tag?post=1891"}],"curies":[{"name":"wp","href":"https:\/\/api.w.org\/{rel}","templated":true}]}}